= 0. What is the thousands digit of n?
1
Let m(o) = 65*o**3 + 2*o - 1. Suppose 5*r = 9*r + 96. Let h be (r/(-3))/4 - 1. What is the units digit of m(h)?
6
Suppose 5 = 4*d - 75. Suppose 9520 = -0*i + d*i. What is the units digit of i?
6
Suppose -11530 - 57270 = -25*q. What is the thousands digit of q?
2
Let q = 4650 - 1358. What is the thousands digit of q?
3
Let l = -3 + 5. Suppose 8 - 2 = -l*n. What is the units digit of (-6)/(-9) - (-4 + (-5)/n)?
3
Suppose 3*p + 4*r - 3329 = 0, -23*p = -24*p - 4*r + 1091. What is the units digit of p?
9
Suppose 3466 = -32*p + 134890. Suppose -8*x + 11405 = -p. What is the thousands digit of x?
1
Suppose 0 = 176*v - 145*v - 233461. What is the hundreds digit of v?
5
Suppose -3*b + 159457 = 4*x, 20*b + 212537 = 24*b - 5*x. What is the units digit of b?
3
Let k be 3 + 46/(-14) - 60/(-14). What is the tens digit of (-114300)/(-210) + k/(-14)?
4
Let a(i) = -i**3 + i**2 + i. Let n(y) = y**3 + 5*y**2 - 10*y + 9. Let d(g) = -2*a(g) - n(g). Let p be d(6). What is the units digit of -1 - -296*3/(3 + p)?
7
Let h = 401 + 24. Let g = h - 75. What is the tens digit of g?
5
Let x(a) = 2*a - 2. Let r(w) = -51*w + 33. Let g(t) = 2*r(t) + 22*x(t). What is the units digit of g(-12)?
8
Suppose -5*k = 2*z - 6145, 14*k + 4904 = 18*k + 4*z. What is the tens digit of k?
3
Let g = 201 + -129. Let r = 71 - g. What is the units digit of r*4/22 - 2578/(-22)?
7
Let a = 4 + 11. Suppose 11*y - 18330 = -a*y. What is the tens digit of y?
0
Suppose 3*w + 14 = 8*w + c, -3*c = -w - 10. Suppose -4*a = w*z - 6788, 5*z + 1719 = 3*a - 2*a. What is the thousands digit of a?
1
Suppose -20 = -5*s, -4*q + 2*s = 3*s - 420. Suppose 5*w + 3*i = -q + 288, 4*w - 5*i - 162 = 0. What is the hundreds digit of (-10)/(-50) + (-31)/(-10)*w?
1
Suppose 3*n + 11 = 2. Let u be (-60)/6*(n - -2). Let r(d) = d**2 - 4*d + 36. What is the units digit of r(u)?
6
Let g(l) = 4*l**2 + 3*l + 1. Let w be g(-1). Let o(x) = 2*x**2 + 5*x - 9. Let u be o(w). What is the units digit of u/(-6)*128/(-6)?
2
Let y = 41 - 38. Let v be y/(6/(-16)*-2). What is the tens digit of v/14 - 2700/(-105)?
2
Suppose -5*v + 11599 = 1469. Let h = v - 619. What is the hundreds digit of h?
4
Let l(m) = m**3 - 3*m**2 - 7*m - 13. Let s(c) = -c**2 + c. Let b(o) = l(o) + 4*s(o). Let h be b(9). Let k = 215 - h. What is the tens digit of k?
9
Suppose 13*u = 4*u + 43090 + 18758. What is the units digit of u?
2
Let m(n) = -163*n + 16. Let q(c) = 162*c - 11. Let a(o) = -6*m(o) - 4*q(o). What is the units digit of a(3)?
8
Let l = -323 + 483. Suppose 2*k - 4*a = l, -7*k + 386 = -2*k - 3*a. Let c = -15 + k. What is the units digit of c?
1
Let r be 1535/15*3/(-4)*-4. Let n = -106 + r. What is the tens digit of n?
0
Let i(f) = f + 11. Let p be (132/(-48))/((-1)/(-4)). Let h be i(p). Suppose -2*y + 5*y - 3*w - 21 = h, 3*y - 5*w = 27. What is the units digit of y?
4
Let m(b) = b**3 - 12*b**2 + 53*b - 27. What is the thousands digit of m(24)?
8
Let b(n) be the first derivative of -n**4/2 - 4*n**3 + 19*n**2/2 + 52*n - 33. What is the hundreds digit of b(-9)?
3
What is the tens digit of ((-3453)/2)/((-228)/(-24) + -11)?
5
Let k be 12844/798 - (-2)/(-21). What is the units digit of (2772/k - 6)/(1/4)?
9
Suppose 5*i = -9*i - 112. Let a = -3 + 2. What is the hundreds digit of (-1692)/(a + i) - (-1 - -2)?
1
Let c(a) = -2*a + 1. Let i(h) = 21*h + 90. Let l(g) = c(g) + i(g). What is the tens digit of l(5)?
8
Suppose -54*k + 59*k - 3*f = 165217, 0 = 3*k + 4*f - 99107. What is the thousands digit of k?
3
What is the tens digit of (3*1)/((-798)/(-2192638))?
4
What is the hundreds digit of (6/(-5))/(5/(-20)*16/8410)?
5
What is the thousands digit of 2333 - (27/(-9) + 7)?
2
What is the thousands digit of (-3411456)/(-480) + (-48)/15?
7
Suppose -2*s - 16 = -5*n + 2*n, -5*s + 52 = 4*n. Suppose 4*k + 2*q + 1658 = 6*k, n = -2*q. What is the tens digit of k?
2
Let d(g) = 2*g**2 - 16*g - 33. Let k be d(8). Let f(j) = -9*j - 23 - 34 + 9 - 4. What is the hundreds digit of f(k)?
2
Let w(t) = t**3 - 4*t**2 - 7*t + 12. Suppose 3*b - 9 = 9. Let a be w(b). Suppose y = d + 78, -3*y + 5*d - a = -268. What is the units digit of y?
2
Suppose -2 + 7 = 5*s. Let a(n) = -4 - s + n**3 - 2*n - 6*n**2 + 2 + 1. What is the units digit of a(8)?
0
Let t = -2 - -2. Suppose -16*s + 778 = -3622. Suppose 6*y - s = -5*h + y, t = -4*y + 4. What is the tens digit of h?
5
Let o(m) = 57*m**2 + 3*m + 8. Let c = 11 - 49. Let l = 36 + c. What is the units digit of o(l)?
0
Suppose 87*q - 3575 = 74*q. Let t = -141 + q. What is the hundreds digit of t?
1
Let l be 3/(18/376) - (-8)/(-12). Suppose 2*g - 3*g - 21 = q, -3*g = q + 57. Let j = g + l. What is the units digit of j?
4
Suppose 0 = 8*f - 108 + 364. Let k = 133 + f. What is the tens digit of k?
0
Let b(t) = -t**3 + 15*t**2 - 6*t - 34. Let m be b(16). Let z = m - -502. What is the hundreds digit of z?
1
Let f(d) = -336*d - 693. What is the tens digit of f(-8)?
9
Suppose 5*w - 1352 = -7*r + 4*r, 0 = 5*r - 2*w - 2243. Let m = 845 - r. What is the hundreds digit of m?
3
Let r = 19903 - 1816. What is the tens digit of r?
8
Let w = 952 + 1736. What is the units digit of w/17 - (-10)/(-85)?
8
Let q(f) = f**3 + 28*f**2 + 3*f + 76. Let w be q(-28). Let r(z) = -177*z + 7. What is the units digit of r(w)?
3
Let d(j) = -103*j**3 - 2*j**2 - 11*j - 12. Let m be d(-3). Suppose -m = -r - r - 3*l, -1392 = -r - l. What is the thousands digit of r?
1
Let x be ((-28)/(-6))/((-18)/27). Let l be 934/12 + x/(-42). Suppose -l = -20*a + 17*a. What is the units digit of a?
6
Let f be (-31)/1 - (2 + -3)*-1. What is the units digit of f/((6/15)/((-16)/10))?
8
Let w(j) = -j**3 - 15*j**2 + 15*j - 15. Let p be w(-16). What is the hundreds digit of p + -4 - 0 - -400 - -1?
3
Let b(a) = 206*a - 2. Let z be b(7). Let w = -761 + z. What is the units digit of w?
9
Suppose 115*j + 1720193 = 10191438. What is the thousands digit of j?
3
Suppose j = 1 + 4. Suppose -l + 532 = 4*t + 4*l, 0 = j*t - 2*l - 632. Let k = t + -100. What is the units digit of k?
8
Let f(q) = -q**2 + 8*q + 128. Let t be f(-8). Suppose 0 = 5*g + 15, t = -5*x + 8*x - 4*g - 36. What is the units digit of x?
8
Let x(f) = 6*f**2 - 15*f + 128. What is the tens digit of x(8)?
9
Let v(d) = 2*d**3 + d**2 + d - 652. Let c be v(0). Let j = c - -958. What is the tens digit of j?
0
Let q(y) = 17*y**2 - 2*y + 19. Let s be q(8). Let d = s - 607. What is the hundreds digit of d?
4
Suppose 11*w = 7*w - 2*r + 20286, r = 5*w - 25340. What is the thousands digit of w?
5
Let i = -8737 + 9302. What is the tens digit of i?
6
Let f(p) = 7*p**3 - 31*p**2 - 3*p - 31*p**3 + 15*p**3. What is the hundreds digit of f(-6)?
8
Let z be -2 - 0 - (-4 + 2)*3496. Let c be ((-12)/(-15))/(12/z). Suppose 3*s + 0*s - m = c, 10 = 2*m. What is the tens digit of s?
5
Suppose 2*a + 116 = 16. Let o = 74 + a. Suppose -192 = o*h - 26*h. What is the units digit of h?
6
What is the thousands digit of 14437 - (53 - 16 - 23)?
4
Suppose 4*v - 93200 = -2*z, -4982*z + 233027 = -4977*z + v. What is the hundreds digit of z?
6
Let u = -7109 - -15592. What is the hundreds digit of u?
4
Let i = -15764 + 22000. What is the thousands digit of i?
6
Suppose -31*i - 110613 = -393767. What is the tens digit of i?
3
Let f(y) = 361*y - 1145. What is the hundreds digit of f(26)?
2
What is the thousands digit of (-2)/2 - 5 - ((-7270560)/(-51))/(-36)?
3
Suppose -18*j = -13*j - 70. What is the tens digit of 1880/j - (48/56)/3?
3
Let k(j) = j**3 + 65*j**2 + 35*j + 98. What is the tens digit of k(-62)?
6
Let f = -35903 - -56428. What is the tens digit of f?
2
Let b(f) = -f**3 - 4*f**2 + 2*f + 8. Let w be b(-4). Suppose -3*i + 6 = -w*i. Suppose 4*l - 4 = -2*p, 0 = 2*l - i*p - p - 2. What is the units digit of l?
1
Let n = 3712 + -2639. Let b = -269 + n. What is the hundreds digit of b?
8
Suppose 1152 = -0*z + 3*z. Suppose -2804*r = -2792*r - 6192. Suppose 6*d - z = r. What is the hundreds digit of d?
1
Let g(k) = k**3 - 161*k**2 + 26*k + 1424. What is the hundreds digit of g(163)?
8
Suppose -x - 15*x = -8*x - 193320. What is the units digit of x?
5
Let k be (-1 + (-2 - -2))/((-9)/468). Let x be k/(-5)*30/(-4). Suppose -x = -z - r, -2*z + 64 = -r - 77. What is the units digit of z?
3
Let g(l) = -l**2 - 4*l - 2. Let s be g(-3). Suppose -29 = 49*m - 127.